 = 5*j + 15. Let g be -26*(1 - -31)/(-4). Suppose 494 - 81 = 4*h - r, 2*r + g = 2*h. Calculate the remainder when h is divided by t(0).
13
Suppose 8*n - 19 = -3. Suppose 82 = 4*j + n*y, -5*j = -6*j - 3*y + 28. Calculate the remainder when 71 is divided by j.
14
Let y = -48 - 17. Let l = y + 132. Calculate the remainder when l is divided by 3/((2 - -4)/36).
13
Suppose 7*h = -10*h + 578. Let a = 62 - h. Calculate the remainder when 106 is divided by a.
22
Let m = 1106 - 388. Let l = 724 - m. Suppose -5*n + 5 = -0*n. Calculate the remainder when l is divided by n.
0
Let t(o) = 8*o**3 + 120*o**2 - o + 35. What is the remainder when t(-15) is divided by 39?
11
Suppose -6*n - 440 = -524. Calculate the remainder when 1281/4 + (2 - (-18)/(-8)) is divided by n.
12
Let x be (18/(-3))/(3/(-2)). Let r(y) = y**2 + 3*y - 2. Suppose -q = 1 - 7, 4*j + 5*q = 338. Calculate the remainder when j is divided by r(x).
25
Suppose -19*d + 32*d = -30*d + 5504. Calculate the remainder when d is divided by 43.
42
Let v = -24979 + 27000. What is the remainder when v is divided by 671?
8
Let c(v) = v**2 - 2*v + 24. Suppose -4 = -3*i + 2. Let n be (-2 + 2)*1/i. Calculate the remainder when c(n) is divided by 13.
11
Calculate the remainder when (-3 - 1)*((-7228)/(-695))/((-2)/25) is divided by 22.
14
Let m = 109 - 82. Suppose 0 = -m*f + 808 + 974. What is the remainder when f is divided by 3?
0
Suppose 0 = -0*o + o - 44. Let j(w) = 295*w - 15913. Calculate the remainder when o is divided by j(54).
10
Let c(u) = 8*u**2 - 4*u - 5. Let y be (-11)/22*(3 - -1). What is the remainder when 133 is divided by c(y)?
28
Let h(v) be the third derivative of -v**5/60 + 13*v**4/24 + 22*v**3/3 - 62*v**2. Calculate the remainder when 95 is divided by h(15).
11
Let m(k) = -k**2 + 15*k - 19. Let u = 207 - 195. Calculate the remainder when 23 is divided by m(u).
6
Suppose 10*q + 15 = 55. Let p = -6 + 19. Suppose -g + p = g - 3*v, -4*v = 4. Calculate the remainder when g is divided by q.
1
Let p = 1 - -24. Let g(n) = 14 + 51*n - 32*n - 31*n + n**3 + 11*n**2. Calculate the remainder when p is divided by g(-12).
11
Suppose 0*a - 2*a + 3*v + 17 = 0, -1 = -a - v. Let j(h) = 1801*h - 25212. Calculate the remainder when a is divided by j(14).
0
Suppose -714 = 36*l - 15*l. Let h = l - -66. Calculate the remainder when 55 is divided by h.
23
Let x(p) be the first derivative of -3*p**2/2 + p + 1. Let j = 1436 - 1443. What is the remainder when 130 is divided by x(j)?
20
Let w be 320/6 + (-2)/(-3). Let x = 49 - w. Calculate the remainder when (4 + x)*(5*-5 - -1) is divided by 13.
11
Suppose 0 = -3*v - 3, -8*v + 5*v = j - 717. Suppose 79*t - 7*t = j. What is the remainder when 3*25*(-1)/(-3) is divided by t?
5
Let w(p) = -p**3 - 3*p**2 + 7*p + 2. Let o be w(-6). Let f be (92/138)/(2/942). Suppose f - o = 6*r. Calculate the remainder when r is divided by 11.
8
Let g = 8 - 14. Suppose -363*d = -360*d - 18. Calculate the remainder when ((-3)/g)/(3/96) is divided by d.
4
Suppose -45*j + 48 = -116 - 1006. Calculate the remainder when 1244 is divided by j.
22
Let m = -728 + 765. Suppose 47 = 2*y + 55, -m = -3*c + 4*y. Calculate the remainder when 201 is divided by c.
5
Let u = 84 - 82. Suppose -u*g - 13 = -61. Calculate the remainder when 67 is divided by g.
19
Suppose -3*a + 604 = -284. Suppose a*y - 307*y + 1232 = 0. What is the remainder when y is divided by -1*3/(6/(-46))?
20
Suppose -r + p - 1148 = -5*r, -r + 2*p = -287. Suppose f + r = 299. What is the remainder when 23 is divided by f?
11
Let u(m) = -9*m + 24. Calculate the remainder when u(-4) is divided by 46.
14
Suppose -2*i - 4*k = -40, -5*i = 5*k - 91 - 14. Let z be (-68)/(-238) - (-990)/14. Suppose -9*d + 656 = z. Calculate the remainder when d is divided by i.
21
Let w(d) = 4*d**2 - 189*d - 2552. Suppose 0 = -2*y - 2*n - 2, 2*y = -y - 4*n - 7. Calculate the remainder when w(-11) is divided by y.
2
Let a(z) = -z**2 - 117*z + 2328. What is the remainder when 545 is divided by a(17)?
45
Suppose 3*x + 4*u + 1457 = 0, -119 - 1328 = 3*x + 2*u. What is the remainder when -3 - x - (10 - 15) is divided by 23?
21
Let j(s) = s**3 - 10*s**2 + 37*s - 469. Calculate the remainder when 529 is divided by j(11).
57
What is the remainder when 251 is divided by (38 - -48) + (-7)/1?
14
Suppose -3*f + 3735 = -19*l + 23*l, -4*f + 4 = 0. Calculate the remainder when l is divided by 31.
3
Suppose 3*b = -5*q + 1632, 6 = -4*b + 2. Suppose q = 22*v + 107. What is the remainder when 49 is divided by v?
9
Let q be ((-2)/(-6))/(2/24). Suppose 2*u = -q*y + 34, 3*u - 41 = y - 11. Let h = -329 + 370. What is the remainder when h is divided by u?
8
Let w(n) = -7*n + 55. Let k be (-2)/(-14) + (-408)/357. What is the remainder when w(k) is divided by 15?
2
Suppose 2*x = f - 111 + 38, -3*x = 0. Calculate the remainder when f is divided by (-2)/((-2)/6*-14) + (-1981)/(-49).
33
Let j be -3 + 3 + 1*10 + -1. Suppose j = -n + 2*n - d, d + 49 = 5*n. Suppose 2*k - 10 = n. Calculate the remainder when 37 is divided by k.
7
Let z = -3768 - -4164. Calculate the remainder when z is divided by 131.
3
Let i(x) = -64*x**2 + 417*x + 276. Let s(j) = -2*j**2 - j - 2. Let r be s(-2). Let m = r - -13. Calculate the remainder when i(7) is divided by m.
4
Let r(a) = a**2 - 17*a + 16. Suppose 102 = 8*o - 2*o. Suppose 0*b - 4*b + 99 = 3*s, 3*b = -4*s + 125. Calculate the remainder when s is divided by r(o).
13
Let i(r) = -2*r**2 + 31*r - 6. Let g be i(15). Let b = g - -27. Suppose 2*n - 1 = -5*t, 4*n - b = 2*n + 2*t. What is the remainder when n is divided by 3?
1
Suppose -487*b = 1626 - 6983. Calculate the remainder when 202 is divided by b.
4
Let c(b) = 15*b**2 + 425*b + 2119. Calculate the remainder when 423 is divided by c(-5).
54
Let x = -1831 - -2082. What is the remainder when x is divided by 53?
39
Suppose -15*u = 11*u - 52. Suppose u*f - 21*f + 741 = 0. Calculate the remainder when 387 is divided by f.
36
Let z(w) = w**2 - 7*w - 52. Suppose 9*b - 3*b - 336 = 0. What is the remainder when b is divided by z(-6)?
4
Let n(r) = -4*r - 1 + 3*r + 2 + 1. Let t be n(-10). Suppose 147 = 5*d - 2*m, d - 15 = -2*m + t. What is the remainder when d is divided by 16?
13
Let q = 2288 + -2225. What is the remainder when 1193 is divided by q?
59
Let j(a) be the first derivative of a**4/4 + 10*a**3/3 - 17*a**2/2 - 40*a + 60. What is the remainder when 155 is divided by j(-11)?
25
Let q(b) = -b**3 - 7*b**2 + b + 15. Let h be q(-7). Suppose -h*j + 947 = 227. Calculate the remainder when j is divided by 19.
14
Suppose -2573*c = -2576*c - 24, 0 = -2*a + 5*c + 4198. What is the remainder when a is divided by 9?
0
Suppose 0 = -u - 265*b + 268*b - 9, 5*u - 125 = -2*b. Suppose -2*z + 79 = -z. Calculate the remainder when z is divided by u.
16
Let m be 25/15*36/30. Suppose -m*f + 196 = 4*i, -i - 14*f + 49 = -12*f. What is the remainder when i is divided by 25?
24
Suppose 4*n - 4*a - 84 = 0, -11*a - 84 = -4*n - 8*a. Let c(o) = o**2 - 17*o - 15. What is the remainder when c(n) is divided by 12?
9
Suppose 4*f + 5*o = 1845, f + 6*o - 453 = 2*o. What is the remainder when f is divided by 174?
117
Suppose -2*k + 4*k + 52 = 5*d, 3*k + 43 = 4*d. Let s(n) = -11*n**2 + 64*n + 10. Suppose 2360*t = 2364*t - 20. What is the remainder when s(t) is divided by d?
5
Let a = 5871 - 5710. Calculate the remainder when 173 is divided by a.
12
Let j(w) = 3*w**2 - 3*w + 1. Suppose 3*b + 0*u = 2*u + 19, u + 17 = 4*b. Calculate the remainder when 3/(-3 + 0)*-93 is divided by j(b).
17
Suppose -j + 0*j = -30. Suppose -a - 138 = -2*p, 5*p + 276 = -a + 103. Let s = -1 - a. Calculate the remainder when s is divided by j.
27
Let h be (66/15)/(-11) - 212/(-5). Suppose -43*o + h*o + 67 = 0. What is the remainder when o is divided by 12?
7
Let v(f) = -20*f**3 - 16*f**2 + 9*f - 1. Calculate the remainder when 33853 is divided by v(-3).
365
Suppose -6290 = -4*q + 5*b, -2*q + 5*b + 1506 + 1654 = 0. Calculate the remainder when q is divided by 390.
5
Let o(d) = d**3 + 4*d**2. Let u be o(-4). Let n = -191 + 380. Suppose u = -b - 2*i + 39, -3*b + n = b - 3*i. Calculate the remainder when 89 is divided by b.
44
Let w be (6 + (-95)/15)*15 - -7. Suppose 0 = -r + w*l + 51, -23*r + 28*r - 266 = -l. What is the remainder when r is divided by 52?
1
Suppose -10800 = 